se 10, what is -1 - -408654?
408653
In base 11, what is 9980 + 3a46?
12916
In base 8, what is -7422 + 7225?
-175
In base 9, what is 1227 + 1405?
2633
In base 3, what is 2012210202 - 1110?
2012202022
In base 11, what is -4 + 12347071?
12347068
In base 8, what is 215421306 - 1?
215421305
In base 10, what is -69390 - -144?
-69246
In base 5, what is -41 + -341021422?
-341022013
In base 7, what is -1012500 - 161?
-1012661
In base 14, what is -136 + c276?
c140
In base 13, what is -215 + c68?
a53
In base 4, what is -22 + -120021000?
-120021022
In base 2, what is -100110000000011000 - 100?
-100110000000011100
In base 7, what is -2465302 + -64?
-2465366
In base 13, what is -1397988c + -3?
-13979892
In base 8, what is 573700 - -542?
574442
In base 4, what is 103312102112 - 1?
103312102111
In base 6, what is 4 + 230313040?
230313044
In base 13, what is 21148 - 119a?
1cc7b
In base 5, what is -111234231432 + 1?
-111234231431
In base 12, what is 0 + -9477aa?
-9477aa
In base 6, what is 353 - -5313?
10110
In base 6, what is -424403 + 153?
-424210
In base 11, what is 6637093 + 2?
6637095
In base 10, what is -217 + 101321?
101104
In base 11, what is 1 + -22a0857?
-22a0856
In base 8, what is 5000211 - -42?
5000253
In base 8, what is -301771 - -2555?
-277214
In base 12, what is 5 + 195641a7?
195641b0
In base 2, what is -10000000 - -110100111100100111100?
110100111100010111100
In base 16, what is 4 - -4d884?
4d888
In base 4, what is 10023110122322 + 30?
10023110123012
In base 11, what is -6 - -175627?
175621
In base 4, what is 3013332121 + 10012?
3020002133
In base 4, what is 1232 + 21230132312?
21230200210
In base 5, what is -22 + 33222343?
33222321
In base 7, what is 14253623 + 52?
14254005
In base 2, what is -10111101011111110011101 - 1011?
-10111101011111110101000
In base 9, what is 5 - -10765418?
10765424
In base 10, what is 15 + -988902?
-988887
In base 8, what is -4610 + -1533?
-6343
In base 8, what is 4 + 166041213?
166041217
In base 16, what is 3f27f - 4?
3f27b
In base 9, what is -7056248 - 5?
-7056254
In base 14, what is 1c + -34a46d8?
-34a46ba
In base 15, what is -3 + -4199dd?
-4199e1
In base 2, what is -1001010001011100110110011 - -101?
-1001010001011100110101110
In base 2, what is 10 + 10011000010011100000100?
10011000010011100000110
In base 11, what is 128893 + -4a?
128844
In base 8, what is 2 - 34540214?
-34540212
In base 11, what is -2416aa0 + -141?
-2417131
In base 10, what is -395 - 468290?
-468685
In base 6, what is -2513343325 - 5?
-2513343334
In base 15, what is -34 + 232edb0?
232ed7b
In base 12, what is 4 + 3099a779?
3099a781
In base 7, what is 0 - -20546603?
20546603
In base 4, what is 31031210231102 + -2?
31031210231100
In base 10, what is 15081 + -420?
14661
In base 3, what is 111121120 + 221120?
112120010
In base 2, what is -10111100001110000100100 - -1101?
-10111100001110000010111
In base 2, what is 1001010010011100100100 + 111101?
1001010010011101100001
In base 9, what is -242 + -13115?
-13357
In base 11, what is 104346 - -615?
104960
In base 13, what is -56502 + -394?
-56896
In base 2, what is -1000110111100111011 - 101010?
-1000110111101100101
In base 4, what is -12230022301022 + -2?
-12230022301030
In base 15, what is -e - -3704e?
37040
In base 15, what is -534 + -4a95?
-50c9
In base 8, what is 140335 + 1507?
142044
In base 15, what is -3c0c - -84e?
-33ad
In base 14, what is -bd + -37d29?
-38008
In base 13, what is -132 + -10b873?
-10b9a5
In base 8, what is 24473741 - -3?
24473744
In base 2, what is 11011101 - -110111000011111?
110111011111100
In base 16, what is 3 - 4cb6d0?
-4cb6cd
In base 14, what is -5cb - -3858?
326b
In base 12, what is 1 - 245bb108?
-245bb107
In base 12, what is 56b21b - 121?
56b0ba
In base 15, what is -cee3b + -22?
-cee5d
In base 11, what is -329487a - -55?
-3294825
In base 3, what is 20022210211 - 12100?
20022121111
In base 10, what is 16602 + 7758?
24360
In base 7, what is 13540246 + -6?
13540240
In base 5, what is -1 - -110130101110?
110130101104
In base 7, what is 124352 + -46264?
45055
In base 11, what is 2417 - -3815?
6131
In base 6, what is 3551051052 - -20?
3551051112
In base 4, what is -11 - -11020110001?
11020103330
In base 9, what is -2683576 - -364?
-2683212
In base 9, what is -7 + -663285?
-663303
In base 15, what is 3d3a0 + -241?
3d15e
In base 13, what is -7 - -cc4555?
cc454b
In base 14, what is -2 - -2ba521b?
2ba5219
In base 6, what is 1435 + 235030?
240505
In base 2, what is -101010111010011 + 100111?
-101010110101100
In base 7, what is -412 + 1444004?
1443262
In base 6, what is 34020050425 - -4?
34020050433
In base 8, what is 1 - 61050367?
-61050366
In base 14, what is 16 - 1034a4c?
-1034a36
In base 16, what is 77b - 44ef4?
-44779
In base 12, what is 47 - 1451753?
-1451708
In base 15, what is -561 + -9d3e?
-a3a0
In base 6, what is -145511101 + 15?
-145511042
In base 14, what is -b494496 + 2?
-b494494
In base 12, what is -22 + -22ba656?
-22ba678
In base 10, what is 15193 + 1018?
16211
In base 2, what is -10000011000000111100 - -10100?
-10000011000000101000
In base 2, what is 100 + -1110001111001000001?
-1110001111000111101
In base 14, what is 336518 + -c8?
336430
In base 14, what is 152987 + -63?
152924
In base 8, what is 61246 - -2453?
63721
In base 10, what is -947505363 + 0?
-947505363
In base 16, what is -7cee9 - -9e?
-7ce4b
In base 6, what is 205 - -51510041?
51510250
In base 11, what is 1044 - -13967?
14a00
In base 15, what is -1db1a6e - -4?
-1db1a6a
In base 7, what is 210012 + 12342?
222354
In base 11, what is -392455 + 75?
-392390
In base 16, what is 783c444 + -1?
783c443
In base 2, what is -10010000 + 11011001011000?
11010111001000
In base 10, what is 2 - -525832?
525834
In base 9, what is -5 + 74124233?
74124227
In base 15, what is 755461 - 3?
75545d
In base 10, what is -93160 - -1140?
-92020
In base 4, what is -2 + 1211110220?
1211110212
In base 9, what is 281306130 + -2?
281306127
In base 12, what is -116a + 17090?
15b22
In base 14, what is -536ab0 + 3?
-536aab
In base 6, what is 4 - 203335354?
-203335350
In base 9, what is 47 + 2653337?
2653385
In base 11, what is 8918965 + 11?
8918976
In base 3, what is 111 - 100112122?
-100112011
In base 13, what is a + -ca852?
-ca845
In base 16, what is ff - 241884?
-241785
In base 7, what is 15320642164 - -4?
15320642201
In base 6, what is -2 - -1133404352?
1133404350
In base 11, what is -16917831 - -20?
-16917811
In base 16, what is -5705 - e93?
-6598
In base 4, what is 2330233210001 + -11?
2330233203330
In base 6, what is -142512 + 15544?
-122524
In base 7, what is -212454 - 11454?
-224241
In base 9, what is 381245 - 117?
381127
In base 7, what is -126241 + 210451?
51210
In base 2, what is -1101110110100010000010 - 1101001?
-1101110110100011101011
In base 9, what is -2111576 + -77?
-2111664
In base 12, what is 6 - 17119aa?
-17119a4
In base 16, what is -1b302 - 951?
-1bc53
In base 13, what is -4 + -85084bb?
-85084c2
In base 7, what is 6 - 56456014?
-56456005
In base 11, what is 51 + 8604486?
8604527
In base 8, what is 60010372 - -4?
60010376
In base 14, what is -77 - 307c?
-3115
In base 14, what is -19cc - 3831a?
-39d08
In base 7, what is 30010 - 56022?
-26012
In base 6, what is 2244401 - -55?
2244500
In base 14, what is -3ab + 865c7?
8621a
In base 6, what is 141341412 + -15?
141341353
In base 14, what is 1 - -857665?
857666
In base 8, what is -2313 + -20743?
-23256
In base 4, what is -122222111 - 311320?
-123200031
In base 4, what is 11 + -3002312323012?
-3002312323001
In base 8, what is -16 + 12072441?
12072423
In base 14, what is -358baa + -c?
-358bb8
In base 4, what is -303323230210 + 11?
-303323230133
In base 7, what is 102462 + -1320?
101142
In base 7, what is -1325316 - 2031?
-1330350
In base 10, what is 8 + -768722?
-768714
In base 10, what is 1915 - 44147?
-42232
In base 11, what is 4 - -17a69368?
17a69371
In base 11, what is 66252 - -a69?
67210
In base 16, what is 126 - 6a37?
-6911
In base 10, what is -124 - -1219931?
1219807
In base 12, what is -1251a63 - 93?
-1251b36
In base 4, what is 1 - -130022201010?
130022201011
In base 7, what is -1266304 + -13213?
-1312520
In base 2, what is -101010111111001111000 + 1011111110?
-101010111101101111010
In base 15, what is 9 - -11a6488?
11a6492
In base 15, what is -2a8 + -1907?
-1bb0
In bas